-2*v + v + a + 12 = 0, -3*v + 56 = a. Calculate the remainder when g(38) is divided by v.
13
Suppose 0 = -149*i + 43*i + 20246. Calculate the remainder when 870 is divided by i.
106
Let q(b) = b**2 + 12*b - 283. What is the remainder when q(-31) is divided by 102?
0
Suppose -6745 = -59*n - 36*n. Calculate the remainder when n is divided by (-68)/(-18) + (-28)/(-126).
3
Let g(a) = 21*a + 3136. Calculate the remainder when g(-68) is divided by 98.
42
Let f(i) = -4*i**3 - 97*i**2 + 82*i + 2497. What is the remainder when f(-29) is divided by 25?
23
What is the remainder when (-5760)/(-88) - 174/(-319) is divided by 42?
24
Let r = 404 + -399. Let h(u) = -u + 3. Let a be h(-7). Suppose -k - 9 = r*v, 5*k - v + 3 = a. Calculate the remainder when 4 is divided by k.
0
Let r = 367 + -383. Let u(d) = 3*d**2 + 3*d - 6. What is the remainder when u(4) is divided by 14 + r/(-28) + 8/(-14)?
12
Let p be 0 - (-1 + 1/(-1)). Suppose 5*o + 4*z - 33 = 0, 4*o - p*o - z = 8. Suppose 0 = -b - o*b + 234. What is the remainder when b is divided by 21?
18
Suppose -3*n - 280 - 311 = 0. Let z = n + 219. Calculate the remainder when 87 is divided by z.
21
Let d be 74/(-10) + (-24)/(-60). Let m(y) = 26*y + 15*y + 10*y**2 - 32*y + 4*y**3 - 3*y**3 - 8. Calculate the remainder when m(d) is divided by 26.
24
Suppose 47 = 5*f + 32. Suppose -3*p + 228 = 4*h, -f*h + 57 = -2*h + 3*p. Suppose h = 2*j + 9. Calculate the remainder when 69 is divided by j.
21
Suppose -2*b - 5*f = -346, -4 = 3*f + 2. Let i = 6 + 0. Suppose b = i*y - 56. Calculate the remainder when y is divided by 21.
18
Let r = -337 - -341. Suppose -c - r*c - 4*y + 4 = 0, -c = y. Calculate the remainder when 19 is divided by c.
3
What is the remainder when 1257 is divided by 32/(640/1500) - 4?
50
Let x = -661059 + 661207. Calculate the remainder when x is divided by (10 - 1) + (0 - 1).
4
Suppose -339*g + 18551 = -20213 - 34460. What is the remainder when g is divided by 30?
6
Suppose -3*q + q = -15*q + 91. What is the remainder when ((-5)/(-2))/((-3)/(-66)) is divided by q?
6
Suppose 348 = -7*t - 380. Let w = t - -139. What is the remainder when 136 is divided by w?
31
Suppose -4*x + 11421 = -4*i - 7351, -5*i + 15 = 0. What is the remainder when x is divided by 81?
79
Suppose -5*b - 11*z = -9*z - 10333, 2053 = b - 3*z. What is the remainder when b is divided by 148?
141
Let k = -2 + 42. Suppose -11*p = -367*p + 11392. What is the remainder when k is divided by p?
8
Let d(x) = 321*x**2 + 2*x - 1. Suppose 8*b + 2 = 10*b. Let o be d(b). Suppose 11*m = 4*m + o. What is the remainder when m is divided by 12?
10
Let f(p) = -33*p**3 - p**2 + 22*p - 34. Let a(l) = 22*l**3 + l**2 - 15*l + 23. Let q(j) = 7*a(j) + 5*f(j). What is the remainder when q(-4) is divided by 12?
11
Let u(a) = 73*a**2 - 36*a + 4. Let z be u(3). Suppose 42*k - 413 - z = 0. Calculate the remainder when k is divided by 2.
1
Suppose -128*l = -12068 - 17500. What is the remainder when l is divided by 16?
7
Let p = 936 + -810. What is the remainder when p is divided by 10?
6
Let j(x) = -10*x + 14. Suppose 77 = -6*s + 95. Suppose -2*y = -s*d + 81, y + 2 = -1. What is the remainder when j(-11) is divided by d?
24
Let i = 250 - 241. Suppose -4*c + 562 = i*y - 4*y, -5*y + 5*c + 580 = 0. What is the remainder when y is divided by 29?
27
Suppose 3*c - 48 + 66 = 0. Let t be -3 + (c/2)/(-3). What is the remainder when 27 is divided by 5 + (t + 4 - -1)?
3
Let j(x) = 263*x + 535. What is the remainder when 19 is divided by j(-2)?
1
Suppose -6*s + 1150 = 2*z, 0 = -5*s + 10*z - 6*z + 930. Calculate the remainder when 315 is divided by s.
125
Suppose -323*s = -324*s + 7, 0 = 4*w - s - 8549. Calculate the remainder when w is divided by 143.
137
Suppose -13 = 2*i - 61. Suppose 14*v - 7*v = 98. Calculate the remainder when v*(-12)/(-42) + 1 + 66 is divided by i.
23
Let g(s) = -s**3 + 7*s**2 + 13*s - 11. Calculate the remainder when g(6) is divided by (-3*3)/((-7)/42).
49
Suppose 3*k - 1458 = 3*s, 288 = 4*s + 292. Calculate the remainder when k is divided by 141.
62
Suppose -h = -4*j, -19*j - 5*h = -22*j. Calculate the remainder when (-4)/(-6)*(-219)/(-2) is divided by (19 - j)/(-5*(-9)/45).
16
Let i(o) = -7*o - 32 + 49 + 3*o. Let u be i(-8). Suppose -5*s + 4*l + 252 = 64, -s - 3*l + u = 0. What is the remainder when s is divided by 23?
17
Calculate the remainder when (-3 + (1 - -9))*8 is divided by (3/(-4) - -1)/((-3)/(-348)).
27
Suppose 813 + 1329 = 63*z. Let w be (-282)/4*(-4)/6. Suppose 0 = 4*l - w - 1. What is the remainder when z is divided by l?
10
Let n be (-2 - -4) + (-2 + 2 - 2). Suppose -11 = -3*j + 10. Suppose 0*g - j*g + 147 = n. What is the remainder when 40 is divided by g?
19
Let y = -35044 - -35219. What is the remainder when 1388 is divided by y?
163
Let h(c) = 2*c**2 + 56*c + 77. Calculate the remainder when h(-31) is divided by 4/(-6) - (342/(-27) - -1).
10
Let y = 172 + -276. Let q = -66 - y. Calculate the remainder when 112 is divided by q.
36
Let g(y) = 5*y**2 - 14*y + 46. Suppose -5*k - 3*x + 65 = 2*x, 0 = -2*k + 5*x + 26. What is the remainder when g(3) is divided by k?
10
Let w(b) = -5*b. Let k be w(-2). Suppose -5*a + 15 = -k. What is the remainder when a is divided by (6 - 1) + -32*53/848?
2
Suppose 6*h + 721 - 1110 = 1975. What is the remainder when h is divided by 97?
6
Let i(k) = k**3 - 15*k**2 - 15*k - 16. Let w be i(16). Suppose 0 = 2*c - f - 41, 0 = -c + 2*f - w*f + 22. What is the remainder when 99 is divided by c?
19
Suppose 595 = 3*b - i, -27*b + 28*b + 3*i = 205. What is the remainder when b is divided by 20?
19
Let b be (51/(-9) - 0)/(2/(-30)). Suppose -b = 10*d - 835. What is the remainder when d is divided by 7?
5
Let l = 0 - -3. Suppose -l*s + 120 = -s. Suppose -887 = -29*w - 23*w + 725. Calculate the remainder when s is divided by w.
29
Let y(m) = -7*m + 1. Suppose -33*i + 4*u - 36 = -31*i, 0 = 5*i + 3*u - 92. What is the remainder when y(-6) is divided by i?
3
Suppose -k - 2*y = -204, 0 = -4*y + 6*y - 10. Suppose k - 50 = 16*n. Calculate the remainder when 40 is divided by n.
4
Suppose -k + 3*x - 398 = k, -2*x = -k - 197. Let f = -195 - k. Calculate the remainder when 41 is divided by f.
1
Let l = 96 - 91. Suppose l*a - 2*b - 30 = 74, -5*b - 110 = -5*a. Calculate the remainder when (12/(-4))/1*(-74)/6 is divided by a.
17
Let g(p) = -3*p**2 + 111*p + 786. Calculate the remainder when 11311 is divided by g(43).
7
Suppose -2*u = -13*r + 5181 + 1511, -2*r + 1024 = -u. Calculate the remainder when r is divided by 248.
20
Let u(t) = -238*t**3 - t**2 - 31*t - 47. What is the remainder when u(-2) is divided by 8?
3
Suppose -14*y + 131 - 3 = -96. What is the remainder when 2462 is divided by y?
14
Let h(q) = 2*q**2 - 3*q - 4. Let a = 8613 - 8392. What is the remainder when a is divided by h(4)?
13
Suppose -c = 2*c - 228. Suppose 3170*b = 1143*b - 2134*b + 1106683 - 166297. Calculate the remainder when b is divided by c.
74
Let t = -5606 - -5683. Calculate the remainder when 214 is divided by t.
60
Suppose 6*l + 8*l = 1022. Let p = l - 59. Let s = 76 - 22. What is the remainder when s is divided by p?
12
Let k(f) be the first derivative of 6*f**3 - f**2 - f + 1. What is the remainder when k(-1) is divided by -25 - 11285/(-296) - (-2)/(-16)?
6
Let x be ((1 - 3) + (-7)/(-3))*201. Let u(l) = 21 + 85*l - x - 81*l. What is the remainder when 41 is divided by u(17)?
19
Let w(z) = 16*z - 14*z**2 - 4*z + z**3 - 6*z - 46. What is the remainder when w(14) is divided by 22?
16
Suppose j - w - w - 28 = 0, 8 = -2*w. Let n(y) = -y**3 + 11*y**2 - 20*y - 1. What is the remainder when n(6) is divided by j?
19
Let b(p) = 8*p**2 + 164*p + 290. What is the remainder when ((-732)/9)/(1/(-3)) is divided by b(-19)?
58
Let g(l) = -14*l - 3. Suppose 0 = 9*i - 0*i + 9. Calculate the remainder when 40 is divided by g(i).
7
Let u be -3 + -1 + 2 - 26. Let r = u - -110. Suppose 8*w + 315 = 23*w. Calculate the remainder when r is divided by w.
19
Let j = -190 - -198. Let n(g) = g**3 - 8*g**2 + 2*g + 12. What is the remainder when n(j) is divided by 17?
11
Let n be -6 + -223 + -4 + (-16)/(-4). Let b = 355 + n. What is the remainder when b is divided by 43?
40
Let o(i) = i**2 - 5*i + 6. Suppose 3*k + 38 + 65 = 4*r, r + k - 24 = 0. Suppose 3*s = -2*s + r. What is the rem